+ 10. Let b = -16710 + 16699. What is i(b)?
-1
Suppose -3*r + 2*q - 7*q + 5 = 0, -4*r - 5 = -5*q. Suppose 10*h - 10 - 20 = r. Let p(v) = 2*v - 3. Give p(h).
3
Let u(i) = 7*i**3 + 67*i**2 + 16*i + 23. Let g(w) = 15*w**3 + 143*w**2 + 32*w + 45. Let n(p) = 6*g(p) - 13*u(p). What is n(-12)?
19
Let k(x) = x**3 + 31*x**2 - 10*x + 9. Let r be k(-31). Let v(y) = -313 + r + y**2 + 3*y + 3*y. Suppose -3*l = j + 11, 4*l - j + 5 = 3*l. Determine v(l).
-2
Let j(b) = 2*b**2 - 2*b + 3. Suppose 3*z - q = -43, 2*z + 4*q + 17 = 7. Let l = 25 + z. Suppose 5*a = -2 + l. What is j(a)?
7
Let c(z) = 7*z**2 - 15*z - 11. Let s(f) = 19*f**2 - 40*f - 29. Let y(g) = 8*c(g) - 3*s(g). Give y(4).
-17
Suppose -327*l + 324*l + 3 = 0, -39 = -2*u - l. Let w(v) = 2*v - 7. Give w(u).
31
Let w(r) = -2*r**3 - 12*r**2 - 4*r + 1. Suppose 0 = -650*c + 639*c - 55. Calculate w(c).
-29
Suppose -5*h - 3*z + 4*z + 10 = 0, -5*h = 2*z - 25. Let o(v) be the second derivative of 0 + 7/2*v**2 - 30*v + 1/6*v**h. What is o(-8)?
-1
Let w be 564/27 - (150/108 - 3/2). Let y(l) = 2*l**3 - 41*l**2 - 21*l + 14. What is y(w)?
14
Suppose -3*z - 608 = -j - 4*z, 5*j - 5*z = 3040. Let m = j - 617. Let i(r) = -r**2 - 8*r + 7. Give i(m).
-2
Let m(p) = 3*p**3 - 2*p**2 + 1. Suppose -36 = -435*d + 417*d. Let r = 4 + -4. Suppose -3*a - d*t - 1 = -4, r = 3*t. What is m(a)?
2
Suppose -44*i - 148 + 192 = 0. Let y(s) = -s**2 - 3*s + 2. Give y(i).
-2
Let w(a) = -a**3 - 9*a**2 + 4*a + 8. Let b(r) = -22*r - 185. Let q be b(-8). Give w(q).
-28
Let i(k) = -k**2 + 8*k + 5. Suppose -16*j + 17*j - 1458 = 4*d, 0 = 5*d - 4*j + 1828. Let c = 372 + d. Determine i(c).
5
Let b = -8531 - -8513. Let v(t) = -3*t + 36. Calculate v(b).
90
Let j(l) = l**2 - 8*l + 7. Let c(y) = -3*y**2 - 23*y + 31. Let k be c(-9). Let v be ((-10)/4)/((-15 - k)/20). Determine j(v).
-8
Let n(o) = -o**2 - 5*o - 5. Suppose 0 = -5*h + 27 - 12. Let m = 7 - h. Suppose -2*f + 5*s - m*s = 15, 5*f + 3*s + 10 = 0. Give n(f).
-5
Suppose -16*v - 63 = -223. Let o(y) be the third derivative of y**5/60 - 11*y**4/24 + 4*y**3/3 + 23*y**2. Determine o(v).
-2
Let a be 2*2/(-2) + -111 + 228. Let q = a + -107. Let j(r) = -6*r + 50. Calculate j(q).
2
Let q(d) = d**3 + 8*d**2 + 8*d - 8. Let n(b) = -b**3 - 3*b**2 - 116 - 12*b**2 - 40*b - 22*b**2 - 35. Let z be n(-36). Determine q(z).
-15
Let f(m) be the second derivative of -m**5/20 + m**4/6 + m**3/3 - 3*m**2/2 + 1173*m. What is f(2)?
1
Let k(s) = -s**3 + s**2 + s - 15. Let n = -87 - -61. Let w(l) = 4*l**2 - 52*l + 146. Let y be w(10). Let u = y + n. What is k(u)?
-15
Let x(q) = 2*q**3 - 48*q**2 - 3*q - 57. Let r(f) = f**3 - 24*f**2 - 2*f - 28. Let w(t) = 5*r(t) - 3*x(t). What is w(24)?
7
Let w be ((-12)/30 - -3) + 2/5. Let i(x) = 2*x + 3*x**3 - x**2 + 2*x**3 - x**w + 1 - 3*x**3. Give i(2).
9
Let u(w) = 20*w**3 + 9*w**2 + 3*w + 12. Suppose 7*a = -44 + 65. Let l(v) = 4 + 0 - 39*v**3 + 46*v**3 + a*v**2 + v. Let m(i) = 17*l(i) - 6*u(i). Determine m(-3).
-1
Let v(q) = -9*q**3 - 58*q**2 + q + 24. Let d(i) = -5*i**3 - 31*i**2 + 13. Let u(x) = 11*d(x) - 6*v(x). Let p be -3*-4*3/(-12). Let h = 9 + p. Determine u(h).
-1
Let g(r) be the third derivative of 13*r**5/60 - r**4/12 - r**3/6 + 758*r**2. Determine g(-1).
14
Let r(c) = -22*c + 3. Suppose -7*q + 30 - 5 - 11 = 0. Give r(q).
-41
Let t(f) = 28*f**2 - 12*f - 4. Let o(l) = -113*l**2 + 45*l + 14. Let z(j) = 3*o(j) + 11*t(j). What is z(1)?
-30
Let m(h) = -2*h - 156. Let c(t) = -46. Let k(x) = 3*c(x) - m(x). Let i be (-2)/(-4)*(0 + -16). Determine k(i).
2
Let f(h) = -h**3 - 4*h**2 + h + 10. Suppose -3*m - 21 = x - 0*m, -3*m - 12 = -2*x. Give f(x).
-2
Let v = 101 + -36. Let j = v - 26. Let z = -44 + j. Let x(s) = s**2 + 7*s + 6. Determine x(z).
-4
Let d(r) be the second derivative of r**4/6 + 31*r**3/2 - 45*r**2/2 - 4935*r. What is d(-47)?
2
Let l be (((-34)/9)/(6/18))/(4/(-6)). Let q(v) = -v**2 + 17*v + 1. Give q(l).
1
Let q(b) be the second derivative of 17*b + 1/12*b**4 + 5/2*b**2 + 0*b**3 - 3. Determine q(0).
5
Suppose 105*f = 71*f + 1054. Let o(j) = -7*j + 215. Give o(f).
-2
Let i(k) = -k + 3. Suppose -2*p - 67 = -65. Let b be ((-91)/(-14))/13 - p/(-2). Determine i(b).
3
Let x(t) = 2*t - 1. Let k(o) = 2*o + 7. Let v(i) = i**3 - i**2 + 5*i - 5. Let d be v(2). Suppose -b = -4*b - d. Let z be k(b). Determine x(z).
1
Let d(x) = -7*x**2 - 72*x - 30. Let c be d(-10). Let h(y) = -y - 16. Determine h(c).
-6
Let l(u) = -u + 1. Let s be (-4)/3*(-24)/(-2). Let a(r) = 2*r + 32. Let g be a(s). Suppose g = 5*q - 0*q - 15. What is l(q)?
-2
Let k(f) = -29 + 7696*f - 7706*f + 4 + f**2. Calculate k(11).
-14
Suppose -60*n = -384 - 276. Let x(c) = -7*c + 78. Give x(n).
1
Let k(h) = h. Let g be 18/(-45)*15/(-6). Let d(m) = -7*m - 6. Let u(f) = g*d(f) + 6*k(f). What is u(10)?
-16
Let k(y) be the second derivative of -y**5/20 - y**4/4 + 2*y**2 + 149*y + 1. Suppose -3*g - 32 = -4*a - 7, 5*g + 11 = -a. What is k(g)?
4
Let z(k) = 7*k**2 - k + 1. Let m be ((-12)/(-9))/(76/(-171)). Determine z(m).
67
Let i(a) = 2 + 3*a + 19*a**2 - 9*a**2 - 9*a**2. Suppose 4*o = -3*b, -3*o - 16 = -2*b + 1. What is i(o)?
2
Let p be (6/(-21))/(2*1/(-14)). Suppose m - 6 - 6 = -p*f, 0 = 3*m + 5*f - 34. Let w(h) = -h**3 + 7*h**2 + 10*h - 3. Give w(m).
13
Let t(i) = 5*i**2 + 2*i + 41. Let q(r) = -3*r**2 - 4*r - 37. Let k(l) = 3*q(l) + 2*t(l). Determine k(10).
-9
Let d(c) = 435*c + 190. Let n(j) = 154*j + 63. Let k(b) = 6*d(b) - 17*n(b). Calculate k(10).
-11
Let c(h) be the second derivative of 3*h**4/2 + h**3/2 + 5*h**2/2 - 102*h - 4. Determine c(-2).
71
Suppose -2*z - 2 = -4*y, 3*z + 15 - 42 = -4*y. Suppose 0 = y*j + 8 - 17. Let d(r) = 4*r - 2*r**2 - 5*r + r**2 - 9*r**j. Determine d(-1).
9
Suppose o - 30 = -4*s, 4*s + 47 - 63 = 0. Let g(n) = -n**3 + 14*n**2 + 2*n + 22. Give g(o).
50
Let q(f) = -4*f**2 - 6*f - 16. Let z(s) = s**2 + 2*s + 5. Let x(a) = 2*q(a) + 7*z(a). Let b(v) = -18*v - 5 - 5 + 40*v - 23*v. Let w be b(-8). Give x(w).
-5
Let p(s) = 13*s**2 - 20*s + 18. Let h(v) = -31*v**2 + 39*v - 38. Let j(a) = 3*h(a) + 7*p(a). Calculate j(-12).
0
Suppose 4*m = -5*w - 45, 3*m - 5 - 5 = 5*w. Let y(g) be the third derivative of -5*g**2 - 1/24*g**4 - 1/6*g**3 + 0*g + 0. What is y(m)?
4
Let v = -4905 + 4889. Let k(c) = -c**2 - 11*c + 70. What is k(v)?
-10
Let n be (-2)/(-1*(-2)/(-7)). Let g(o) be the second derivative of -o**4/12 + 5*o**3/3 - 5*o**2/2 - 62736*o. Determine g(n).
16
Let b(r) = -5*r - 23. Suppose 10*o = -0*o - 2*o - 144. Give b(o).
37
Suppose -2*r + 3*r = 2*x - 2, -10 = 5*r + 3*x. Let z(o) be the third derivative of 3*o**2 + 0 - 1/12*o**4 - 7*o - 1/2*o**3 + 1/60*o**5. Determine z(r).
5
Let r(y) be the third derivative of -y**4/24 - y**3/3 + 4370*y**2. Give r(13).
-15
Suppose -2*z = -c + 1, -3*c + 5 = 2*z + 2. Let p(n) = -9*n**2 - 1 + 8*n + z*n - n**3 + 7*n**2 - 5*n. Give p(-3).
-1
Suppose -8*x = -26 - 29 - 9. Let z(g) = -7*g + 67. Calculate z(x).
11
Let q be 15/90 + (-707)/(-6). Let h = q - 123. Let u(g) = 4 - 3 + 3 + 2*g. Give u(h).
-6
Let j = -13 - -12. Let l be (-2)/(j - 1) + -1. Let g(f) = 31 - 56 + f - 2*f + 32. What is g(l)?
7
Let l(f) = -241*f + 164. Let p(s) = -94*s + 82. Let w(a) = -2*l(a) + 5*p(a). What is w(-8)?
-14
Let o(u) = 79*u - 32. Let g(k) = 58*k - 21. Let i(c) = 7*g(c) - 5*o(c). Give i(-4).
-31
Suppose 174 = 9*d + 156. Let u(t) be the first derivative of -t**2 + 1/3*t**3 + 5/4*t**4 + t + d. Give u(1).
5
Let r(s) = -2*s. Let g(b) = 2*b + 18. Let l(d) = -d - 8. Let h(y) = -4*g(y) - 9*l(y). Let p(x) = 5*h(x) + 3*r(x). Let c be ((-1)/2)/(1/2). What is p(c)?
1
Let a(p) be the second derivative of p**3 + 7*p**2 + 608*p + 4. Determine a(1).
20
Let b(d) = -d**2 - 9*d - 7. Suppose 0 = r + 3*r - 12. Suppose y - 11 = 4*z, -38 + 31 = y + 5*z. Suppose -3*c + 15 + 3 = -r*p, -4*c - 25 = y*p. Give b(p).
7
Let z(l) be the second derivative of 1/6*l**3 - 3*l**2 + 0 - 163*l - 1/12*l**4. Calculate z(5).
-26
Let g(l) = -3378*l + 6749*l - 4 - 9 - 3370*l. Give g(2).
-11
Let w be (-12)/8*(3 + (-5)/1). Let r(a) = -w*a**2 - 41*a**3 + 18*a**3 + 11*a + 1 + 24*a**3 - 15*a. Let p(h) = h**2 + 4*h + 4. Let n be p(-4). Determine r(n).
1
Let g(o) = 42 + 970*o - 26 - 24 - 969*o. Determine g(2).
-6
Let q(f) = 4972815*f - 4*f**2 - 4972776*f + 14*f**2 + f**3 + 173. Determine q(-8).
-11
Let z(f) = -86*f**2 - 59*f + 109. Let n(l) = -23*l**2 